mon factor of 18 and 112?
2
Calculate the highest common factor of 51535 and 44.
11
Calculate the highest common divisor of 43 and 747684.
43
Calculate the highest common divisor of 620 and 51956.
124
What is the greatest common divisor of 138 and 41906?
46
Calculate the highest common divisor of 56 and 12808.
8
Calculate the greatest common factor of 77 and 23111.
11
Calculate the highest common divisor of 455 and 28405.
65
What is the greatest common factor of 4812 and 972?
12
What is the greatest common divisor of 148893 and 93?
93
Calculate the highest common factor of 156142 and 1197.
133
What is the greatest common factor of 582 and 12319?
97
What is the highest common divisor of 438 and 219?
219
Calculate the greatest common divisor of 728 and 322.
14
What is the greatest common divisor of 1066 and 76834?
82
What is the highest common factor of 485 and 35599?
97
Calculate the highest common divisor of 174468 and 4623.
201
What is the greatest common divisor of 116879 and 413?
413
Calculate the highest common factor of 53040 and 17.
17
Calculate the highest common factor of 7236 and 12582.
54
Calculate the highest common factor of 4135 and 40.
5
Calculate the greatest common factor of 27 and 56331.
9
Calculate the highest common factor of 9258 and 1083.
3
Calculate the highest common divisor of 191136 and 33.
33
Calculate the highest common factor of 785352 and 6.
6
What is the highest common factor of 57715 and 70?
35
What is the highest common factor of 147 and 300468?
147
Calculate the highest common factor of 2107 and 3010.
301
What is the greatest common divisor of 528 and 972048?
528
What is the greatest common divisor of 35704 and 16?
8
What is the highest common divisor of 9 and 290781?
9
What is the highest common divisor of 4438 and 495154?
634
Calculate the highest common factor of 134323 and 217.
217
Calculate the greatest common divisor of 4870 and 480.
10
What is the highest common divisor of 15425 and 275?
25
What is the greatest common factor of 36 and 9891?
9
What is the greatest common factor of 856 and 92234?
214
What is the greatest common factor of 1365 and 10185?
105
Calculate the highest common divisor of 105306 and 6.
6
What is the greatest common factor of 689 and 30368?
13
What is the greatest common factor of 579467 and 7?
7
Calculate the highest common divisor of 3588 and 24804.
156
What is the highest common factor of 3894 and 242?
22
What is the highest common factor of 3536 and 936?
104
Calculate the greatest common factor of 54530 and 1025.
205
What is the highest common factor of 3690 and 12384?
18
Calculate the greatest common factor of 1817 and 6794.
79
What is the highest common divisor of 86240 and 2860?
220
What is the greatest common factor of 436 and 130909?
109
Calculate the highest common factor of 6164 and 27068.
268
What is the highest common factor of 1432 and 351556?
716
What is the highest common divisor of 684 and 385092?
684
What is the greatest common factor of 33 and 286935?
33
What is the greatest common factor of 73305 and 10125?
405
What is the highest common divisor of 3302 and 15494?
254
What is the greatest common divisor of 6361 and 3?
1
Calculate the greatest common factor of 19487 and 5213.
13
What is the highest common factor of 967079 and 153?
17
What is the greatest common factor of 325188 and 132?
12
Calculate the highest common divisor of 2123 and 19493.
193
Calculate the greatest common divisor of 147852 and 300.
12
Calculate the highest common factor of 96 and 87564.
12
What is the highest common factor of 162459 and 594?
297
What is the highest common factor of 1976 and 34048?
152
Calculate the greatest common divisor of 830 and 330506.
166
What is the highest common factor of 846 and 285102?
846
Calculate the greatest common factor of 22 and 378466.
22
Calculate the greatest common factor of 1161 and 1233.
9
What is the greatest common factor of 2659203 and 27?
27
Calculate the greatest common divisor of 39369 and 33.
33
What is the highest common factor of 705731 and 13?
13
What is the greatest common factor of 63644 and 184?
4
What is the greatest common divisor of 392552 and 56?
8
Calculate the greatest common factor of 372 and 7524.
12
What is the greatest common divisor of 1067 and 11099?
11
Calculate the highest common factor of 12161470 and 10.
10
What is the highest common factor of 102834 and 144?
18
What is the greatest common divisor of 666 and 69948?
18
Calculate the greatest common factor of 112 and 348908.
28
Calculate the highest common factor of 17081 and 155.
31
What is the highest common factor of 7947 and 279?
9
What is the highest common divisor of 343 and 9317?
7
Calculate the greatest common divisor of 24 and 23748.
12
Calculate the greatest common factor of 828 and 36639.
207
What is the highest common factor of 219 and 3291?
3
What is the highest common divisor of 56448 and 441?
441
What is the greatest common factor of 57360 and 1744?
16
Calculate the greatest common factor of 8016 and 384.
48
Calculate the highest common factor of 71 and 157.
1
What is the greatest common factor of 21049 and 868?
217
Calculate the greatest common divisor of 1902 and 66.
6
Calculate the highest common factor of 1887 and 9990.
111
Calculate the highest common divisor of 38392 and 24.
8
Calculate the highest common divisor of 3608 and 1496.
88
What is the highest common factor of 32736 and 1952?
32
What is the highest common factor of 98569 and 5317?
409
What is the greatest common factor of 132 and 737550?
66
Calculate the greatest common factor of 20 and 222730.
10
Calculate the highest common factor of 293631 and 312.
39
What is the highest common divisor of 12672 and 752?
16
Calculate the highest common divisor of 55660 and 3872.
484
What is the highest common divisor of 5389 and 34?
17
What is the highest common factor of 10 and 343328?
2
Calculate the greatest common factor of 20 and 48210.
10
Calculate the greatest common factor of 1174222 and 28.
14
Calculate the greatest common divisor of 419628 and 510.
102
Calculate the highest common factor of 4356 and 66308.
484
What is the highest common factor of 199206 and 24?
6
What is the highest common divisor of 14 and 219527?
7
What is the highest common divisor of 182 and 928382?
182
What is the greatest common divisor of 10951 and 564?
47
What is the highest common divisor of 45585 and 360?
45
What is the greatest common factor of 266 and 896686?
266
Calculate the highest common divisor of 33827 and 2.
1
Calculate the highest common factor of 130 and 1491230.
130
Calculate the highest common divisor of 885441 and 213.
213
What is the highest common divisor of 27676 and 2473228?
2516
Calculate the highest common divisor of 408 and 15402.
102
Calculate the highest common factor of 1421 and 2352.
49
Calculate the highest common divisor of 153 and 20592.
9
What is the highest common divisor of 64974 and 91?
91
Calculate the highest common factor of 4 and 233496.
4
What is the greatest common factor of 568752 and 369?
123
What is the greatest common factor of 497466 and 783?
261
What is the greatest common factor of 42 and 390?
6
What is the highest common factor of 1976 and 182?
26
Calculate the highest common factor of 12317 and 545.
109
Calculate the greatest common divisor of 367316 and 1145.
229
What is the greatest common divisor of 25 and 2716550?
25
What is the highest common divisor of 200 and 451928?
8
Calculate the greatest common factor of 176 and 6655.
11
What is the highest common divisor of 38080 and 1292?
68
Calculate the highest common divisor of 943 and 6979143.
943
Calculate the highest common factor of 2496 and 29757.
39
Calculate the greatest common factor of 267712 and 7144.
376
Calculate the greatest common divisor of 595539 and 5313.
483
Calculate the greatest common factor of 1357213 and 13.
13
Calculate the greatest common divisor of 272 and 44489.
17
What is the highest common factor of 13884 and 273?
39
Calculate the greatest common divisor of 45000 and 230.
10
Calculate the greatest common divisor of 24 and 4476.
12
What is the greatest common factor of 132805 and 20?
5
What is the greatest common factor of 100902 and 3?
3
Calculate the greatest common factor of 39 and 22815.
39
